{"id":95,"date":"2012-12-26T13:57:53","date_gmt":"2012-12-26T12:57:53","guid":{"rendered":"http:\/\/www.lassolinedance.se\/o\/?page_id=95"},"modified":"2012-12-26T13:57:53","modified_gmt":"2012-12-26T12:57:53","slug":"ovrigt","status":"publish","type":"page","link":"https:\/\/www.lassolinedance.se\/o\/lankar\/ovrigt\/","title":{"rendered":"\u00d6vrigt"},"content":{"rendered":"<p><strong>Camillas hemsida<\/strong><br \/>\n<a href=\"http:\/\/welcome.to\/linedancegirl\">welcome.to\/linedancegirl<\/a><\/p>\n<p><strong>Linedance Kalendern<\/strong><br \/>\nI den h\u00e4r kalender kan du l\u00e4sa om var det finns \u00f6ppna danser och andra linedance-arrangemang.<br \/>\n<a href=\"http:\/\/www.localendar.com\/public\/luckyline\">www.localendar.com\/public\/luckyline<\/a><\/p>\n<p><strong>Lizzan p\u00e5 Linjen<\/strong><br \/>\n<a href=\"http:\/\/lizzaninline.com\/\">lizzaninline.com<\/a><\/p>\n<p><strong>Swedance<\/strong><br \/>\n<a href=\"http:\/\/welcome.to\/swedance\">welcome.to\/swedance<\/a><\/p>\n","protected":false},"excerpt":{"rendered":"<p>Camillas hemsida welcome.to\/linedancegirl Linedance Kalendern I den h\u00e4r kalender kan du l\u00e4sa om var det finns \u00f6ppna danser och andra linedance-arrangemang. www.localendar.com\/public\/luckyline Lizzan p\u00e5 Linjen lizzaninline.com Swedance welcome.to\/swedance<\/p>\n","protected":false},"author":2,"featured_media":0,"parent":84,"menu_order":5,"comment_status":"open","ping_status":"open","template":"","meta":{"ngg_post_thumbnail":0,"footnotes":""},"class_list":["post-95","page","type-page","status-publish","hentry"],"publishpress_future_action":{"enabled":false,"date":"2026-04-28 11:55:17","action":"change-status","newStatus":"draft","terms":[],"taxonomy":"","extraData":[]},"publishpress_future_workflow_manual_trigger":{"enabledWorkflows":[]},"_links":{"self":[{"href":"https:\/\/www.lassolinedance.se\/o\/wp-json\/wp\/v2\/pages\/95","targetHints":{"allow":["GET"]}}],"collection":[{"href":"https:\/\/www.lassolinedance.se\/o\/wp-json\/wp\/v2\/pages"}],"about":[{"href":"https:\/\/www.lassolinedance.se\/o\/wp-json\/wp\/v2\/types\/page"}],"author":[{"embeddable":true,"href":"https:\/\/www.lassolinedance.se\/o\/wp-json\/wp\/v2\/users\/2"}],"replies":[{"embeddable":true,"href":"https:\/\/www.lassolinedance.se\/o\/wp-json\/wp\/v2\/comments?post=95"}],"version-history":[{"count":1,"href":"https:\/\/www.lassolinedance.se\/o\/wp-json\/wp\/v2\/pages\/95\/revisions"}],"predecessor-version":[{"id":96,"href":"https:\/\/www.lassolinedance.se\/o\/wp-json\/wp\/v2\/pages\/95\/revisions\/96"}],"up":[{"embeddable":true,"href":"https:\/\/www.lassolinedance.se\/o\/wp-json\/wp\/v2\/pages\/84"}],"wp:attachment":[{"href":"https:\/\/www.lassolinedance.se\/o\/wp-json\/wp\/v2\/media?parent=95"}],"curies":[{"name":"wp","href":"https:\/\/api.w.org\/{rel}","templated":true}]}}