{"id":70,"date":"2012-12-26T13:45:21","date_gmt":"2012-12-26T12:45:21","guid":{"rendered":"http:\/\/www.lassolinedance.se\/o\/?page_id=70"},"modified":"2022-11-29T09:52:52","modified_gmt":"2022-11-29T08:52:52","slug":"anmalan-till-kurs","status":"publish","type":"page","link":"https:\/\/www.lassolinedance.se\/o\/kurser\/anmalan-till-kurs\/","title":{"rendered":"Anm\u00e4lan till kurs"},"content":{"rendered":"<div class=\"frm_forms  with_frm_style frm_style_formidables-stilmall\" id=\"frm_form_2_container\" data-token=\"8e242f6f08bbd6212de08dbdfca2471e\">\n<form enctype=\"multipart\/form-data\" method=\"post\" class=\"frm-show-form \" id=\"form_kursanmlan\" data-token=\"8e242f6f08bbd6212de08dbdfca2471e\">\n<div class=\"frm_form_fields \">\n<fieldset>\n<legend class=\"frm_screen_reader\">Kursanm\u00e4lan<\/legend>\r\n<h3 class=\"frm_form_title\">Kursanm\u00e4lan<\/h3>\r\n<div class=\"frm_fields_container\">\n<input type=\"hidden\" name=\"frm_action\" value=\"create\" \/>\n<input type=\"hidden\" name=\"form_id\" value=\"2\" \/>\n<input type=\"hidden\" name=\"frm_hide_fields_2\" id=\"frm_hide_fields_2\" value=\"\" \/>\n<input type=\"hidden\" name=\"form_key\" value=\"kursanmlan\" \/>\n<input type=\"hidden\" name=\"item_meta[0]\" value=\"\" \/>\n<input type=\"hidden\" id=\"frm_submit_entry_2\" name=\"frm_submit_entry_2\" value=\"485237062d\" \/><input type=\"hidden\" name=\"_wp_http_referer\" value=\"\/o\/wp-json\/wp\/v2\/pages\/70\" \/><div id=\"frm_field_6_container\" class=\"frm_form_field form-field  frm_required_field frm_top_container\">\r\n    <label for=\"field_17tad\" id=\"field_17tad_label\" class=\"frm_primary_label\">Namn\r\n        <span class=\"frm_required\" aria-hidden=\"true\">*<\/span>\r\n    <\/label>\r\n    <input type=\"text\" id=\"field_17tad\" name=\"item_meta[6]\" value=\"\"  data-reqmsg=\"Du m\u00e5ste fylla i ditt namn\" aria-required=\"true\" data-invmsg=\"Text \u00e4r ogiltigt\" aria-invalid=\"false\"  \/>\r\n    \r\n    \r\n<\/div>\n<div id=\"frm_field_7_container\" class=\"frm_form_field form-field  frm_required_field frm_top_container\">\r\n    <label for=\"field_2rofu\" id=\"field_2rofu_label\" class=\"frm_primary_label\">Telefon\/mobil\r\n        <span class=\"frm_required\" aria-hidden=\"true\">*<\/span>\r\n    <\/label>\r\n    <input type=\"tel\" id=\"field_2rofu\" name=\"item_meta[7]\" value=\"\"  data-reqmsg=\"Du m\u00e5ste fylla i ditt telefonnummer\" aria-required=\"true\" data-invmsg=\"Text \u00e4r ogiltigt\" aria-invalid=\"false\" pattern=\"((\\+\\d{1,3}(-|.| )?\\(?\\d\\)?(-| |.)?\\d{1,5})|(\\(?\\d{2,6}\\)?))(-|.| )?(\\d{3,4})(-|.| )?(\\d{4})(( x| ext)\\d{1,5}){0,1}$\"  \/>\r\n    \r\n    \r\n<\/div>\n<div id=\"frm_field_8_container\" class=\"frm_form_field form-field  frm_required_field frm_top_container frm12 frm_first\">\r\n    <label for=\"field_blulu\" id=\"field_blulu_label\" class=\"frm_primary_label\">Epost\r\n        <span class=\"frm_required\" aria-hidden=\"true\">*<\/span>\r\n    <\/label>\r\n    <input type=\"email\" id=\"field_blulu\" name=\"item_meta[8]\" value=\"\"  data-reqmsg=\"Du m\u00e5ste fylla i din epost-address\" aria-required=\"true\" data-invmsg=\"Text \u00e4r ogiltigt\" aria-invalid=\"false\"  \/>\r\n    \r\n    \r\n<\/div>\n<div id=\"frm_field_10_container\" class=\"frm_form_field form-field  frm_required_field frm_top_container\">\r\n    <label for=\"field_1hsu0\" id=\"field_1hsu0_label\" class=\"frm_primary_label\">Kurs\r\n        <span class=\"frm_required\" aria-hidden=\"true\">*<\/span>\r\n    <\/label>\r\n    \t\t<select name=\"item_meta[10]\" id=\"field_1hsu0\"  data-reqmsg=\"Du m\u00e5ste v\u00e4lja kurs\" aria-required=\"true\" data-invmsg=\"Kurs \u00e4r ogiltigt\" aria-invalid=\"false\"  >\n\t\t<option  value=\"M\u00e5ndagar 13.00-14.30 - Jakobsberg - L\u00e4tt Improver\">M\u00e5ndagar 13.00-14.30 - Jakobsberg - L\u00e4tt Improver<\/option><option  value=\"Tisdagar 13.00-14.00 - Sp\u00e5nga - Seniordans, Nyb\u00f6rjare\">Tisdagar 13.00-14.00 - Sp\u00e5nga - Seniordans, Nyb\u00f6rjare<\/option><option  value=\"Tisdagar 14.30-15.30 - Sp\u00e5nga - Seniordans, Forts\u00e4ttning\">Tisdagar 14.30-15.30 - Sp\u00e5nga - Seniordans, Forts\u00e4ttning<\/option><option  value=\"Onsdagar 11.30-12.30 - Kista - Seniordans, Forts\u00e4ttning\">Onsdagar 11.30-12.30 - Kista - Seniordans, Forts\u00e4ttning<\/option><option  value=\"Torsdagar 10.30-11.30 - Kista - Seniordans, Nyb\u00f6rjare\">Torsdagar 10.30-11.30 - Kista - Seniordans, Nyb\u00f6rjare<\/option><option  value=\"Torsdagar 18.30-20.00 - Kallh\u00e4ll - Forts\u00e4ttning 2\">Torsdagar 18.30-20.00 - Kallh\u00e4ll - Forts\u00e4ttning 2<\/option><option  value=\"Fredagar 11.00-12.00 - Sp\u00e5nga - Seniordans, Forts\u00e4ttning\">Fredagar 11.00-12.00 - Sp\u00e5nga - Seniordans, Forts\u00e4ttning<\/option>\t<\/select>\n\t\r\n    \r\n    \r\n<\/div>\n<div id=\"frm_field_11_container\" class=\"frm_form_field form-field  frm_top_container\">\r\n    <label for=\"field_zmptw\" id=\"field_zmptw_label\" class=\"frm_primary_label\">Meddelande\r\n        <span class=\"frm_required\" aria-hidden=\"true\"><\/span>\r\n    <\/label>\r\n    <textarea name=\"item_meta[11]\" id=\"field_zmptw\"  data-invmsg=\"Text \u00e4r ogiltigt\" aria-invalid=\"false\"  ><\/textarea>\r\n    \r\n    \r\n<\/div>\n<div id=\"frm_field_13_container\" class=\"frm_form_field form-field  frm_none_container\">\r\n    <label for=\"g-recaptcha-response\" id=\"field_4j7so_label\" class=\"frm_primary_label\">Captcha\r\n        <span class=\"frm_required\" aria-hidden=\"true\"><\/span>\r\n    <\/label>\r\n    <div  id=\"field_4j7so\" class=\"frm-g-recaptcha\" data-sitekey=\"6Lf5HEEjAAAAAPLq8rmgtgcUJeB6M8Bs-TRLLvHH\" data-size=\"normal\" data-theme=\"light\"><\/div>\r\n    \r\n    \r\n<\/div>\n<div id=\"frm_field_14_container\" class=\"frm_form_field form-field \">\r\n\t<div class=\"frm_submit\">\r\n\r\n<button class=\"frm_button_submit\" type=\"submit\"  >Skicka<\/button>\r\n\r\n\r\n<\/div>\r\n<\/div>\n\t<input type=\"hidden\" name=\"item_key\" value=\"\" \/>\n\t\t\t<div id=\"frm_field_15_container\">\n\t\t\t<label for=\"field_6uabi\" >\n\t\t\t\tOm du \u00e4r m\u00e4nsklig, l\u00e4mna det h\u00e4r f\u00e4ltet tomt.\t\t\t<\/label>\n\t\t\t<input  id=\"field_6uabi\" type=\"text\" class=\"frm_form_field form-field frm_verify\" name=\"item_meta[15]\" value=\"\"  \/>\n\t\t<\/div>\n\t\t<input name=\"frm_state\" type=\"hidden\" value=\"YXSCPv0GySbIlgKaZC3ItKkNB5Kh7RqjKTqwrKRwu2c=\" \/><\/div>\n<\/fieldset>\n<\/div>\n\n<\/form>\n<\/div>\n\n","protected":false},"excerpt":{"rendered":"","protected":false},"author":2,"featured_media":0,"parent":55,"menu_order":4,"comment_status":"closed","ping_status":"closed","template":"","meta":{"ngg_post_thumbnail":0,"footnotes":""},"class_list":["post-70","page","type-page","status-publish","hentry"],"publishpress_future_action":{"enabled":false,"date":"2026-05-08 01:15:44","action":"change-status","newStatus":"draft","terms":[],"taxonomy":"","extraData":[]},"publishpress_future_workflow_manual_trigger":{"enabledWorkflows":[]},"_links":{"self":[{"href":"https:\/\/www.lassolinedance.se\/o\/wp-json\/wp\/v2\/pages\/70","targetHints":{"allow":["GET"]}}],"collection":[{"href":"https:\/\/www.lassolinedance.se\/o\/wp-json\/wp\/v2\/pages"}],"about":[{"href":"https:\/\/www.lassolinedance.se\/o\/wp-json\/wp\/v2\/types\/page"}],"author":[{"embeddable":true,"href":"https:\/\/www.lassolinedance.se\/o\/wp-json\/wp\/v2\/users\/2"}],"replies":[{"embeddable":true,"href":"https:\/\/www.lassolinedance.se\/o\/wp-json\/wp\/v2\/comments?post=70"}],"version-history":[{"count":2,"href":"https:\/\/www.lassolinedance.se\/o\/wp-json\/wp\/v2\/pages\/70\/revisions"}],"predecessor-version":[{"id":5622,"href":"https:\/\/www.lassolinedance.se\/o\/wp-json\/wp\/v2\/pages\/70\/revisions\/5622"}],"up":[{"embeddable":true,"href":"https:\/\/www.lassolinedance.se\/o\/wp-json\/wp\/v2\/pages\/55"}],"wp:attachment":[{"href":"https:\/\/www.lassolinedance.se\/o\/wp-json\/wp\/v2\/media?parent=70"}],"curies":[{"name":"wp","href":"https:\/\/api.w.org\/{rel}","templated":true}]}}