{"id":5144,"date":"2019-01-08T12:55:02","date_gmt":"2019-01-08T11:55:02","guid":{"rendered":"http:\/\/www.lassolinedance.se\/o\/?page_id=5144"},"modified":"2019-01-08T12:55:40","modified_gmt":"2019-01-08T11:55:40","slug":"hosten-2018","status":"publish","type":"page","link":"https:\/\/www.lassolinedance.se\/o\/danser\/utlarda-historik\/hosten-2018\/","title":{"rendered":"H\u00f6sten 2018"},"content":{"rendered":"<h2>Kallh\u00e4ll, Folkets Hus \/ M\u00e5ndagar \/ Improver<\/h2>\n<p>&nbsp;<\/p>\n<table>\n<tbody>\n<tr>\n<td width=\"63\"><b>Vecka:<\/b><\/td>\n<td><b>Utl\u00e4rd dans:<\/b><\/td>\n<\/tr>\n<tr>\n<td width=\"50\">38<\/td>\n<td><em>Repetition av<\/em> <a href=\"https:\/\/www.lassolinedance.se\/o\/2013\/09\/winners-losers\/\" target=\"_blank\" rel=\"noopener\">Winners &amp; Losers<\/a>, <a href=\"https:\/\/www.lassolinedance.se\/o\/2012\/12\/until-the-end\/\" target=\"_blank\" rel=\"noopener\">Until The End<\/a>, <a href=\"https:\/\/www.lassolinedance.se\/o\/2018\/04\/stumbling-in\/\" target=\"_blank\" rel=\"noopener\">Stumbling In<\/a>, <a href=\"https:\/\/www.lassolinedance.se\/o\/2012\/12\/make-you-sweat\/\" target=\"_blank\" rel=\"noopener\">Make You Sweat<\/a> <em>och<\/em> <a href=\"https:\/\/www.lassolinedance.se\/o\/2017\/01\/missing\/\" target=\"_blank\" rel=\"noopener\">Missing<\/a><\/td>\n<\/tr>\n<tr>\n<td width=\"50\">39<\/td>\n<td><a href=\"https:\/\/www.lassolinedance.se\/o\/2018\/09\/love-flow\/\" target=\"_blank\" rel=\"noopener\">Love Flow<\/a> &#8211; <em>Repetition av<\/em> <a href=\"https:\/\/www.lassolinedance.se\/o\/2018\/05\/escapate-conmigo\/\" target=\"_blank\" rel=\"noopener\">Escapate Conmigo<\/a>, <a href=\"https:\/\/www.lassolinedance.se\/o\/2016\/10\/lay-low\/\" target=\"_blank\" rel=\"noopener\">Lay Low<\/a> <em>och<\/em> <a href=\"https:\/\/www.lassolinedance.se\/o\/2018\/03\/all-the-same-aka-we-danced\/\" target=\"_blank\" rel=\"noopener\">All The Same<\/a><\/td>\n<\/tr>\n<tr>\n<td width=\"50\">40<\/td>\n<td><a href=\"https:\/\/www.lassolinedance.se\/o\/2018\/09\/loco-amor\/\" target=\"_blank\" rel=\"noopener\">Loco Amor<\/a><\/td>\n<\/tr>\n<tr>\n<td width=\"50\">41<\/td>\n<td><a href=\"https:\/\/www.lassolinedance.se\/o\/2018\/09\/i-close-my-eyes\/\" target=\"_blank\" rel=\"noopener\">I Close My Eyes<\/a><\/td>\n<\/tr>\n<tr>\n<td width=\"50\">42<\/td>\n<td><a href=\"https:\/\/www.lassolinedance.se\/o\/2018\/10\/friday-at-the-dance\/\" target=\"_blank\" rel=\"noopener\">Friday At The Dance<\/a><\/td>\n<\/tr>\n<tr>\n<td width=\"50\">43<\/td>\n<td><em>Inst\u00e4llt d\u00e5 lokalen \u00e4r upptagen<\/em><\/td>\n<\/tr>\n<tr>\n<td width=\"50\">44<\/td>\n<td><em>Repetition<\/em><\/td>\n<\/tr>\n<tr>\n<td width=\"50\">45<\/td>\n<td><a href=\"https:\/\/www.lassolinedance.se\/o\/2017\/10\/blue-wing\/\" target=\"_blank\" rel=\"noopener\">Blue Wing<\/a><\/td>\n<\/tr>\n<tr>\n<td width=\"50\">46<\/td>\n<td><a href=\"https:\/\/www.lassolinedance.se\/o\/2016\/09\/so-just-dance-dance-dance\/\" target=\"_blank\" rel=\"noopener\">So Just Dance Dance Dance!<\/a><\/td>\n<\/tr>\n<tr>\n<td width=\"50\">47<\/td>\n<td><a href=\"https:\/\/www.lassolinedance.se\/o\/2015\/10\/rock-roll-cowboy\/\">Rock &amp; Roll Cowboy<\/a><\/td>\n<\/tr>\n<tr>\n<td width=\"50\">48<\/td>\n<td><a href=\"https:\/\/www.lassolinedance.se\/o\/2012\/12\/islands-in-the-stream\/\" target=\"_blank\" rel=\"noopener\">Islands In The Stream<\/a><\/td>\n<\/tr>\n<tr>\n<td width=\"50\">49<\/td>\n<td><a href=\"https:\/\/www.lassolinedance.se\/o\/2017\/03\/as-i-lay-me-down\/\" target=\"_blank\" rel=\"noopener\">As I Lay Me Down<\/a><\/td>\n<\/tr>\n<tr>\n<td width=\"50\">50<\/td>\n<td><em>Repetition<\/em><\/td>\n<\/tr>\n<\/tbody>\n<\/table>\n<p>&nbsp;<\/p>\n<h2>Kungs\u00e4ngen, Kulturhuset \/ Tisdagar \/ Nyb\u00f6rjarkurs<\/h2>\n<p>&nbsp;<\/p>\n<table>\n<tbody>\n<tr>\n<td width=\"63\"><b>Vecka:<\/b><\/td>\n<td><b>Utl\u00e4rd dans:<\/b><\/td>\n<\/tr>\n<tr>\n<td width=\"50\">38<\/td>\n<td><a href=\"https:\/\/www.lassolinedance.se\/o\/2012\/12\/easy-fun\/\" target=\"_blank\" rel=\"noopener\">Easy Fun<\/a>, <a href=\"https:\/\/www.lassolinedance.se\/o\/2016\/02\/my-blue-tree\/\" target=\"_blank\" rel=\"noopener\">My Blue Tree<\/a> och <a href=\"https:\/\/www.lassolinedance.se\/o\/2012\/12\/a-b-chilli-cha\/\" target=\"_blank\" rel=\"noopener\">AB Chilli Cha<\/a><\/td>\n<\/tr>\n<tr>\n<td width=\"50\">39<\/td>\n<td><a href=\"https:\/\/www.lassolinedance.se\/o\/2012\/12\/little-rhumba\/\" target=\"_blank\" rel=\"noopener\">Little Rhumba<\/a>, <a href=\"https:\/\/www.lassolinedance.se\/o\/2012\/12\/just-4-fun\/\" target=\"_blank\" rel=\"noopener\">Just 4 Fun<\/a> och <a href=\"https:\/\/www.lassolinedance.se\/o\/2012\/12\/california-freeze\/\" target=\"_blank\" rel=\"noopener\">California Freeze<\/a><\/td>\n<\/tr>\n<tr>\n<td width=\"50\">40<\/td>\n<td><a href=\"https:\/\/www.lassolinedance.se\/o\/2014\/02\/lasso-shuffle\/\" target=\"_blank\" rel=\"noopener\">Lasso Shuffle<\/a><\/td>\n<\/tr>\n<tr>\n<td width=\"50\">41<\/td>\n<td><em>Repetition<\/em><\/td>\n<\/tr>\n<tr>\n<td width=\"50\">42<\/td>\n<td><a href=\"https:\/\/www.lassolinedance.se\/o\/2016\/10\/we-only-live-once-easy\/\" target=\"_blank\" rel=\"noopener\">We Only Live Once \u2013 Easy<\/a><\/td>\n<\/tr>\n<tr>\n<td width=\"50\">43<\/td>\n<td><a href=\"https:\/\/www.lassolinedance.se\/o\/2012\/12\/cry-cry-cry\/\" target=\"_blank\" rel=\"noopener\">Cry Cry Cry<\/a><\/td>\n<\/tr>\n<tr>\n<td width=\"50\">44<\/td>\n<td><a href=\"https:\/\/www.lassolinedance.se\/o\/2018\/11\/one-one-one\/\" target=\"_blank\" rel=\"noopener\">One &amp; One &amp; One<\/a><\/td>\n<\/tr>\n<tr>\n<td width=\"50\">45<\/td>\n<td><a href=\"https:\/\/www.lassolinedance.se\/o\/2012\/12\/pop-da-booty-2\/\" target=\"_blank\" rel=\"noopener\">Pop Da Booty<\/a><\/td>\n<\/tr>\n<tr>\n<td width=\"50\">46<\/td>\n<td><a href=\"https:\/\/www.lassolinedance.se\/o\/2018\/02\/hey-senorita-ab\/\" target=\"_blank\" rel=\"noopener\">Hey Senorita AB<\/a><\/td>\n<\/tr>\n<tr>\n<td width=\"50\">47<\/td>\n<td><a href=\"https:\/\/www.lassolinedance.se\/o\/2018\/11\/torna-a-casa-caballero\/\" target=\"_blank\" rel=\"noopener\">Torna A Casa Caballero<\/a><\/td>\n<\/tr>\n<tr>\n<td width=\"50\">48<\/td>\n<td><a href=\"https:\/\/www.lassolinedance.se\/o\/2012\/12\/bye-bye-mambo\/\" target=\"_blank\" rel=\"noopener\">Bye Bye Mambo<\/a><\/td>\n<\/tr>\n<tr>\n<td width=\"50\">49<\/td>\n<td><em>Inst\u00e4lld d\u00e5 lokalen \u00e4r upptagen<\/em><\/td>\n<\/tr>\n<tr>\n<td width=\"50\">50<\/td>\n<td><em>Repetition<\/em><\/td>\n<\/tr>\n<\/tbody>\n<\/table>\n<p>&nbsp;<\/p>\n<h2>Viksj\u00f6, Viksj\u00f6 tr\u00e4ffen \/ Torsdagar \/ L\u00e4tt Improver<\/h2>\n<p>&nbsp;<\/p>\n<table>\n<tbody>\n<tr>\n<td width=\"63\"><b>Vecka:<\/b><\/td>\n<td><b>Utl\u00e4rd dans:<\/b><\/td>\n<\/tr>\n<tr>\n<td width=\"50\">37<\/td>\n<td><em>Repetition av<\/em> <a href=\"https:\/\/www.lassolinedance.se\/o\/2016\/02\/what-you-say-what-you-do\/\" target=\"_blank\" rel=\"noopener\">What You Say, What You Do<\/a>, <a href=\"https:\/\/www.lassolinedance.se\/o\/2018\/02\/story\/\" target=\"_blank\" rel=\"noopener\">Story<\/a> <em>och<\/em> <a href=\"https:\/\/www.lassolinedance.se\/o\/2018\/03\/havana-heart\/\" target=\"_blank\" rel=\"noopener\">Havana Heart<\/a><\/td>\n<\/tr>\n<tr>\n<td width=\"50\">38<\/td>\n<td><a href=\"https:\/\/www.lassolinedance.se\/o\/2018\/09\/love-flow\/\" target=\"_blank\" rel=\"noopener\">Love Flow<\/a><\/td>\n<\/tr>\n<tr>\n<td width=\"50\">39<\/td>\n<td><em>Inst\u00e4lld d\u00e5 lokalen \u00e4r upptagen<\/em><\/td>\n<\/tr>\n<tr>\n<td width=\"50\">40<\/td>\n<td><a href=\"https:\/\/www.lassolinedance.se\/o\/2018\/09\/i-close-my-eyes\/\" target=\"_blank\" rel=\"noopener\">I Close My Eyes<\/a><\/td>\n<\/tr>\n<tr>\n<td width=\"50\">41<\/td>\n<td><em>Repetition<\/em><\/td>\n<\/tr>\n<tr>\n<td width=\"50\">42<\/td>\n<td><em>Inst\u00e4lld<\/em><\/td>\n<\/tr>\n<tr>\n<td width=\"50\">43<\/td>\n<td><a href=\"https:\/\/www.lassolinedance.se\/o\/2017\/10\/lonely-drum\/\" target=\"_blank\" rel=\"noopener\">Lonely Drum<\/a><\/td>\n<\/tr>\n<tr>\n<td width=\"50\">44<\/td>\n<td><a href=\"https:\/\/www.lassolinedance.se\/o\/2018\/11\/one-one-one\/\" target=\"_blank\" rel=\"noopener\">One &amp; One &amp; One<\/a> <em>och<\/em> <a href=\"https:\/\/www.lassolinedance.se\/o\/2016\/09\/triple-mix\/\" target=\"_blank\" rel=\"noopener\">Triple Mix<\/a><\/td>\n<\/tr>\n<tr>\n<td width=\"50\">45<\/td>\n<td><a href=\"https:\/\/www.lassolinedance.se\/o\/2018\/11\/baby-blues\/\" target=\"_blank\" rel=\"noopener\">Baby Blues<\/a><\/td>\n<\/tr>\n<tr>\n<td width=\"50\">46<\/td>\n<td><em>Repetition<\/em><\/td>\n<\/tr>\n<tr>\n<td width=\"50\">47<\/td>\n<td><a href=\"https:\/\/www.lassolinedance.se\/o\/2017\/02\/honky-tonk-forever\/\" target=\"_blank\" rel=\"noopener\">Honky Tonk Forever<\/a><strong><br \/>\n<\/strong><\/td>\n<\/tr>\n<tr>\n<td width=\"50\">48<\/td>\n<td><a href=\"https:\/\/www.lassolinedance.se\/o\/2012\/12\/closer\/\">Closer<\/a><\/td>\n<\/tr>\n<tr>\n<td width=\"50\">49<\/td>\n<td><em><a href=\"https:\/\/www.lassolinedance.se\/o\/2018\/11\/down-on-your-uppers\/\">Down On Your Uppers<\/a><\/em><\/td>\n<\/tr>\n<tr>\n<td width=\"50\">50<\/td>\n<td><em>Repetition<\/em><\/td>\n<\/tr>\n<\/tbody>\n<\/table>\n","protected":false},"excerpt":{"rendered":"<p>Kallh\u00e4ll, Folkets Hus \/ M\u00e5ndagar \/ Improver &nbsp; Vecka: Utl\u00e4rd dans: 38 Repetition av Winners &amp; Losers, Until The End, Stumbling In, Make You Sweat och Missing 39 Love Flow &#8211; Repetition av Escapate Conmigo, Lay Low och All The Same 40 Loco Amor 41 I Close My Eyes 42 Friday At The Dance 43 Inst\u00e4llt d\u00e5 lokalen \u00e4r upptagen 44 Repetition 45 Blue Wing 46 So Just Dance Dance Dance! 47 Rock &amp; Roll Cowboy 48 Islands In The [&hellip;]<\/p>\n","protected":false},"author":2,"featured_media":0,"parent":78,"menu_order":72,"comment_status":"closed","ping_status":"closed","template":"","meta":{"ngg_post_thumbnail":0,"footnotes":""},"class_list":["post-5144","page","type-page","status-publish","hentry"],"publishpress_future_action":{"enabled":false,"date":"2026-05-20 23:59:55","action":"change-status","newStatus":"draft","terms":[],"taxonomy":"","extraData":[]},"publishpress_future_workflow_manual_trigger":{"enabledWorkflows":[]},"_links":{"self":[{"href":"https:\/\/www.lassolinedance.se\/o\/wp-json\/wp\/v2\/pages\/5144","targetHints":{"allow":["GET"]}}],"collection":[{"href":"https:\/\/www.lassolinedance.se\/o\/wp-json\/wp\/v2\/pages"}],"about":[{"href":"https:\/\/www.lassolinedance.se\/o\/wp-json\/wp\/v2\/types\/page"}],"author":[{"embeddable":true,"href":"https:\/\/www.lassolinedance.se\/o\/wp-json\/wp\/v2\/users\/2"}],"replies":[{"embeddable":true,"href":"https:\/\/www.lassolinedance.se\/o\/wp-json\/wp\/v2\/comments?post=5144"}],"version-history":[{"count":2,"href":"https:\/\/www.lassolinedance.se\/o\/wp-json\/wp\/v2\/pages\/5144\/revisions"}],"predecessor-version":[{"id":5146,"href":"https:\/\/www.lassolinedance.se\/o\/wp-json\/wp\/v2\/pages\/5144\/revisions\/5146"}],"up":[{"embeddable":true,"href":"https:\/\/www.lassolinedance.se\/o\/wp-json\/wp\/v2\/pages\/78"}],"wp:attachment":[{"href":"https:\/\/www.lassolinedance.se\/o\/wp-json\/wp\/v2\/media?parent=5144"}],"curies":[{"name":"wp","href":"https:\/\/api.w.org\/{rel}","templated":true}]}}