{"id":43,"date":"2012-12-26T13:26:00","date_gmt":"2012-12-26T12:26:00","guid":{"rendered":"http:\/\/www.lassolinedance.se\/o\/?page_id=43"},"modified":"2012-12-26T13:26:00","modified_gmt":"2012-12-26T12:26:00","slug":"om-lasso-linedance","status":"publish","type":"page","link":"https:\/\/www.lassolinedance.se\/o\/exempelsida\/om-lasso-linedance\/","title":{"rendered":"Om Lasso Linedance"},"content":{"rendered":"<p>Varf\u00f6r heter min kursverksamhet Lasso Linedance?<br \/>\nD\u00e4rf\u00f6r att n\u00e4r man b\u00f6rjar dansa linedance s\u00e5 blir man f\u00e5ngad av det, det sluter sig om en som lassot och man vill inte befria sig fr\u00e5n det.<\/p>\n<p>Jag heter Wanda Pawlak och det \u00e4r precis vad som h\u00e4nde mig f\u00f6r ett par \u00e5r sedan. Jag blev helt enkelt f\u00e5ngad av linedance och ville absolut inte g\u00f6ra mig fri fr\u00e5n det. Det \u00e4r helt enkelt s\u00e5\u00e5\u00e5\u00e5\u00e5\u00e5 roligt att l\u00e4ra sig alla dessa enast\u00e5ende dansupps\u00e4ttningar.<\/p>\n<p>Jag lovar att Du som tycker om att dansa eller bara r\u00f6ra dig i takt till h\u00e4rliga l\u00e5tar kommer att fastna f\u00f6r linedance direkt. T\u00e4nk att linedance \u00e4r ett utav dom b\u00e4sta s\u00e4tten att motionera p\u00e5 och \u00e4r \u00e4ven numera klassificerat som friskv\u00e5rd.<\/p>\n<p><strong>Vi har kurser i H\u00c4SSELBY G\u00c5RD.<\/strong><\/p>\n<p><strong>TVEKA INTE EN SEKUND UTAN KOM OCH L\u00c4R DIG LINEDANCE HOS<\/strong><\/p>\n<p>LASSO LINEDANCE<\/p>\n","protected":false},"excerpt":{"rendered":"<p>Varf\u00f6r heter min kursverksamhet Lasso Linedance? D\u00e4rf\u00f6r att n\u00e4r man b\u00f6rjar dansa linedance s\u00e5 blir man f\u00e5ngad av det, det sluter sig om en som lassot och man vill inte befria sig fr\u00e5n det. Jag heter Wanda Pawlak och det \u00e4r precis vad som h\u00e4nde mig f\u00f6r ett par \u00e5r sedan. Jag blev helt enkelt f\u00e5ngad av linedance och ville absolut inte g\u00f6ra mig fri fr\u00e5n det. Det \u00e4r helt enkelt s\u00e5\u00e5\u00e5\u00e5\u00e5\u00e5 roligt att l\u00e4ra sig alla dessa enast\u00e5ende dansupps\u00e4ttningar. [&hellip;]<\/p>\n","protected":false},"author":2,"featured_media":0,"parent":2,"menu_order":1,"comment_status":"open","ping_status":"open","template":"","meta":{"ngg_post_thumbnail":0,"footnotes":""},"class_list":["post-43","page","type-page","status-publish","hentry"],"publishpress_future_action":{"enabled":false,"date":"2026-04-25 11:27:33","action":"change-status","newStatus":"draft","terms":[],"taxonomy":"","extraData":[]},"publishpress_future_workflow_manual_trigger":{"enabledWorkflows":[]},"_links":{"self":[{"href":"https:\/\/www.lassolinedance.se\/o\/wp-json\/wp\/v2\/pages\/43","targetHints":{"allow":["GET"]}}],"collection":[{"href":"https:\/\/www.lassolinedance.se\/o\/wp-json\/wp\/v2\/pages"}],"about":[{"href":"https:\/\/www.lassolinedance.se\/o\/wp-json\/wp\/v2\/types\/page"}],"author":[{"embeddable":true,"href":"https:\/\/www.lassolinedance.se\/o\/wp-json\/wp\/v2\/users\/2"}],"replies":[{"embeddable":true,"href":"https:\/\/www.lassolinedance.se\/o\/wp-json\/wp\/v2\/comments?post=43"}],"version-history":[{"count":1,"href":"https:\/\/www.lassolinedance.se\/o\/wp-json\/wp\/v2\/pages\/43\/revisions"}],"predecessor-version":[{"id":44,"href":"https:\/\/www.lassolinedance.se\/o\/wp-json\/wp\/v2\/pages\/43\/revisions\/44"}],"up":[{"embeddable":true,"href":"https:\/\/www.lassolinedance.se\/o\/wp-json\/wp\/v2\/pages\/2"}],"wp:attachment":[{"href":"https:\/\/www.lassolinedance.se\/o\/wp-json\/wp\/v2\/media?parent=43"}],"curies":[{"name":"wp","href":"https:\/\/api.w.org\/{rel}","templated":true}]}}