{"id":3637,"date":"2015-07-29T18:46:36","date_gmt":"2015-07-29T16:46:36","guid":{"rendered":"http:\/\/www.lassolinedance.se\/o\/?page_id=3637"},"modified":"2026-01-13T10:42:23","modified_gmt":"2026-01-13T09:42:23","slug":"kursavgifter","status":"publish","type":"page","link":"https:\/\/www.lassolinedance.se\/o\/kurser\/kursavgifter\/","title":{"rendered":"Kursavgifter"},"content":{"rendered":"<p>En termin best\u00e5r av 12 pass.<\/p>\n<p class=\"x_MsoNormal\">Pris per termin:&nbsp; 1600:-&nbsp;&nbsp; Pris f\u00f6r dropp in per g\u00e5ng: 180:-<\/p>\n<p>Kursavgiften skall vara betald f\u00f6re andra kurstillf\u00e4llet&nbsp;till<\/p>\n<h1><strong><span style=\"color: #ff0000;\">PG 407348-2<\/span><\/strong><\/h1>\n<p>Det g\u00e5r ocks\u00e5 bra att betala kontant mot kvitto senast vid andra kurstillf\u00e4lle.<\/p>\n<p><em>OBS!<\/em>&nbsp;<em>I terminsavgiften ing\u00e5r inte intr\u00e4de f\u00f6r Workshopen och \u00d6ppna Danser.<\/em><\/p>\n","protected":false},"excerpt":{"rendered":"<p>En termin best\u00e5r av 12 pass. Pris per termin:&nbsp; 1600:-&nbsp;&nbsp; Pris f\u00f6r dropp in per g\u00e5ng: 180:- Kursavgiften skall vara betald f\u00f6re andra kurstillf\u00e4llet&nbsp;till PG 407348-2 Det g\u00e5r ocks\u00e5 bra att betala kontant mot kvitto senast vid andra kurstillf\u00e4lle. OBS!&nbsp;I terminsavgiften ing\u00e5r inte intr\u00e4de f\u00f6r Workshopen och \u00d6ppna Danser.<\/p>\n","protected":false},"author":2,"featured_media":0,"parent":55,"menu_order":3,"comment_status":"closed","ping_status":"closed","template":"","meta":{"ngg_post_thumbnail":0,"footnotes":""},"class_list":["post-3637","page","type-page","status-publish","hentry"],"publishpress_future_action":{"enabled":false,"date":"2026-04-26 13:06:01","action":"change-status","newStatus":"draft","terms":[],"taxonomy":"","extraData":[]},"publishpress_future_workflow_manual_trigger":{"enabledWorkflows":[]},"_links":{"self":[{"href":"https:\/\/www.lassolinedance.se\/o\/wp-json\/wp\/v2\/pages\/3637","targetHints":{"allow":["GET"]}}],"collection":[{"href":"https:\/\/www.lassolinedance.se\/o\/wp-json\/wp\/v2\/pages"}],"about":[{"href":"https:\/\/www.lassolinedance.se\/o\/wp-json\/wp\/v2\/types\/page"}],"author":[{"embeddable":true,"href":"https:\/\/www.lassolinedance.se\/o\/wp-json\/wp\/v2\/users\/2"}],"replies":[{"embeddable":true,"href":"https:\/\/www.lassolinedance.se\/o\/wp-json\/wp\/v2\/comments?post=3637"}],"version-history":[{"count":2,"href":"https:\/\/www.lassolinedance.se\/o\/wp-json\/wp\/v2\/pages\/3637\/revisions"}],"predecessor-version":[{"id":6924,"href":"https:\/\/www.lassolinedance.se\/o\/wp-json\/wp\/v2\/pages\/3637\/revisions\/6924"}],"up":[{"embeddable":true,"href":"https:\/\/www.lassolinedance.se\/o\/wp-json\/wp\/v2\/pages\/55"}],"wp:attachment":[{"href":"https:\/\/www.lassolinedance.se\/o\/wp-json\/wp\/v2\/media?parent=3637"}],"curies":[{"name":"wp","href":"https:\/\/api.w.org\/{rel}","templated":true}]}}