{"id":23,"date":"2012-12-26T13:12:43","date_gmt":"2012-12-26T12:12:43","guid":{"rendered":"http:\/\/www.lassolinedance.se\/o\/?page_id=23"},"modified":"2012-12-26T13:28:20","modified_gmt":"2012-12-26T12:28:20","slug":"linedance-etikett","status":"publish","type":"page","link":"https:\/\/www.lassolinedance.se\/o\/exempelsida\/om-linedance\/linedance-etikett\/","title":{"rendered":"Linedance Etikett"},"content":{"rendered":"<p>Dansgolvsetikett handlar om sunt f\u00f6rnuft, god vilja och samarbete. De b\u00e4sta dansarna \u00e4r de som f\u00f6ljer dansgolvets sociala regler, de som \u00e4r artiga och omt\u00e4nksamma och som d\u00e4rmed v\u00e4lkomnas \u00f6verallt d\u00e4r de dansar. Genom att f\u00f6lja denna enkla guide, f\u00e5r du l\u00e4ttare att umg\u00e5s p\u00e5 dansgolvet och du undviker ocks\u00e5 att oavsiktligt f\u00f6rst\u00f6ra f\u00f6r andra dansare.<\/p>\n<table border=\"1\" cellspacing=\"0\" cellpadding=\"3\">\n<tbody>\n<tr>\n<td>ALLTID<\/td>\n<td rowspan=\"9\"><\/td>\n<td>ALDRIG<\/td>\n<\/tr>\n<tr>\n<td>F\u00f6lj\u00a0<i>alltid<\/i>\u00a0DJ&#8217;ns instruktioner. Det \u00e4r normalt DJ&#8217;n som anger vilken dans det skall bli och DJ&#8217;n som &#8221;r\u00e4knar in&#8221;.<\/td>\n<td>Ta\u00a0<i>aldrig<\/i>\u00a0med mat, drycker, glas, burkar eller t\u00e4nda cigaretter upp p\u00e5 dansgolvet.<\/td>\n<\/tr>\n<tr>\n<td>Uppmuntra och st\u00f6tta\u00a0<i>alltid<\/i>\u00a0nyb\u00f6rjare. Det beh\u00f6vs bara ett par v\u00e4nliga ord f\u00f6r att du skall f\u00e5 en ny v\u00e4n.<\/td>\n<td>G\u00e5\u00a0<i>aldrig<\/i>\u00a0genom en danslinje f\u00f6r att korsa dansgolvet &#8211; g\u00e5 alltid runt eller v\u00e4nta.<\/td>\n<\/tr>\n<tr>\n<td>St\u00e4ll dig\u00a0<i>alltid<\/i>\u00a0l\u00e4ngst fram n\u00e4r du b\u00f6rjar en dans. P\u00e5 s\u00e5 s\u00e4tt kan andra st\u00e4lla upp p\u00e5 linjer bredvid och bakom dig.<\/td>\n<td>St\u00e5\u00a0<i>aldrig<\/i>\u00a0och prata p\u00e5 dansgolvet &#8211; g\u00e5 alltid \u00e5t sidan f\u00f6r att prata om musiken spelar.<\/td>\n<\/tr>\n<tr>\n<td>Var\u00a0<i>alltid<\/i>\u00a0artig och be om urs\u00e4kt om du r\u00e5kar st\u00f6ta i n\u00e5gon annan &#8211; \u00e4ven om det inte \u00e4r ditt fel.<\/td>\n<td>Starta\u00a0<i>aldrig<\/i>\u00a0en annan dans \u00e4n den som angetts om det inte r\u00e5kar finnas mycket gott om utrymme och du tror att det g\u00e5r bra.<\/td>\n<\/tr>\n<tr>\n<td>Ers\u00e4tt alltid en dryck du r\u00e5kat v\u00e4lta ut och kom ih\u00e5g att be om urs\u00e4kt.<\/td>\n<td>Ta\u00a0<i>aldrig<\/i>\u00a0upp extra utrymme p\u00e5 dansgolvet f\u00f6r att &#8221;upptr\u00e4da&#8221;. Om det \u00e4r fullt p\u00e5 dansgolvet, s\u00e5 ta korta steg och se upp s\u00e5 du inte krockar med n\u00e5gon.<\/td>\n<\/tr>\n<tr>\n<td>L\u00e4mna\u00a0<i>alltid<\/i>\u00a0yttersidan av dansgolvet fritt f\u00f6r pardansare.<\/td>\n<td>Stanna\u00a0<i>aldrig<\/i>\u00a0upp mitt i en dans f\u00f6r att undervisa n\u00e5gon, eftersom du d\u00e5 \u00e4r i v\u00e4gen. G\u00e5 ifr\u00e5n dansgolvet om du vill l\u00e4ra ut n\u00e5got.<\/td>\n<\/tr>\n<tr>\n<td>F\u00f6lj\u00a0<i>alltid<\/i>\u00a0dansriktningen vid pardans. Dansriktningen (Line of Dance &#8211; LOD) g\u00e5r moturs.<\/td>\n<td>Till\u00e5t\u00a0<i>aldrig<\/i>\u00a0dina f\u00f6tter, kn\u00e4n, armar eller armb\u00e5gar att bli farliga vapen p\u00e5 dansgolvet.<\/td>\n<\/tr>\n<tr>\n<td>Till\u00e5t\u00a0<i>aldrig<\/i>\u00a0dina f\u00f6tter, kn\u00e4n, armar eller armb\u00e5gar att bli farliga vapen p\u00e5 dansgolvet.<\/td>\n<td>Visa dig\u00a0<i>aldrig<\/i>\u00a0&#8221;duktig&#8221;. Galna variationer, turbosnurrar, h\u00f6ga sparkar och hopp bara st\u00f6ter bort folk &#8211; fr\u00e5n dig!<\/td>\n<\/tr>\n<\/tbody>\n<\/table>\n","protected":false},"excerpt":{"rendered":"<p>Dansgolvsetikett handlar om sunt f\u00f6rnuft, god vilja och samarbete. De b\u00e4sta dansarna \u00e4r de som f\u00f6ljer dansgolvets sociala regler, de som \u00e4r artiga och omt\u00e4nksamma och som d\u00e4rmed v\u00e4lkomnas \u00f6verallt d\u00e4r de dansar. Genom att f\u00f6lja denna enkla guide, f\u00e5r du l\u00e4ttare att umg\u00e5s p\u00e5 dansgolvet och du undviker ocks\u00e5 att oavsiktligt f\u00f6rst\u00f6ra f\u00f6r andra dansare. ALLTID ALDRIG F\u00f6lj\u00a0alltid\u00a0DJ&#8217;ns instruktioner. Det \u00e4r normalt DJ&#8217;n som anger vilken dans det skall bli och DJ&#8217;n som &#8221;r\u00e4knar in&#8221;. Ta\u00a0aldrig\u00a0med mat, drycker, glas, [&hellip;]<\/p>\n","protected":false},"author":2,"featured_media":0,"parent":16,"menu_order":3,"comment_status":"open","ping_status":"open","template":"","meta":{"ngg_post_thumbnail":0,"footnotes":""},"class_list":["post-23","page","type-page","status-publish","hentry"],"publishpress_future_action":{"enabled":false,"date":"2026-04-28 11:54:36","action":"change-status","newStatus":"draft","terms":[],"taxonomy":"","extraData":[]},"publishpress_future_workflow_manual_trigger":{"enabledWorkflows":[]},"_links":{"self":[{"href":"https:\/\/www.lassolinedance.se\/o\/wp-json\/wp\/v2\/pages\/23","targetHints":{"allow":["GET"]}}],"collection":[{"href":"https:\/\/www.lassolinedance.se\/o\/wp-json\/wp\/v2\/pages"}],"about":[{"href":"https:\/\/www.lassolinedance.se\/o\/wp-json\/wp\/v2\/types\/page"}],"author":[{"embeddable":true,"href":"https:\/\/www.lassolinedance.se\/o\/wp-json\/wp\/v2\/users\/2"}],"replies":[{"embeddable":true,"href":"https:\/\/www.lassolinedance.se\/o\/wp-json\/wp\/v2\/comments?post=23"}],"version-history":[{"count":3,"href":"https:\/\/www.lassolinedance.se\/o\/wp-json\/wp\/v2\/pages\/23\/revisions"}],"predecessor-version":[{"id":50,"href":"https:\/\/www.lassolinedance.se\/o\/wp-json\/wp\/v2\/pages\/23\/revisions\/50"}],"up":[{"embeddable":true,"href":"https:\/\/www.lassolinedance.se\/o\/wp-json\/wp\/v2\/pages\/16"}],"wp:attachment":[{"href":"https:\/\/www.lassolinedance.se\/o\/wp-json\/wp\/v2\/media?parent=23"}],"curies":[{"name":"wp","href":"https:\/\/api.w.org\/{rel}","templated":true}]}}